[INFO] cloning repository https://github.com/aschey/NAMP
[INFO] running `Command { std: "git" "-c" "credential.helper=" "-c" "credential.helper=/workspace/cargo-home/bin/git-credential-null" "clone" "--bare" "https://github.com/aschey/NAMP" "/workspace/cache/git-repos/https%3A%2F%2Fgithub.com%2Faschey%2FNAMP", kill_on_drop: false }`
[INFO] [stderr] Cloning into bare repository '/workspace/cache/git-repos/https%3A%2F%2Fgithub.com%2Faschey%2FNAMP'...
[INFO] running `Command { std: "git" "rev-parse" "HEAD", kill_on_drop: false }`
[INFO] [stdout] ae5e049138ed4570de20b4b173ff2549a065edf6
[INFO] checking aschey/NAMP against master#cfbc6d4cf1acbac5c025acf8ed68929caa551df3 for pr-75494-beta
[INFO] running `Command { std: "git" "clone" "/workspace/cache/git-repos/https%3A%2F%2Fgithub.com%2Faschey%2FNAMP" "/workspace/builds/worker-5/source", kill_on_drop: false }`
[INFO] [stderr] Cloning into '/workspace/builds/worker-5/source'...
[INFO] [stderr] done.
[INFO] validating manifest of git repo https://github.com/aschey/NAMP on toolchain cfbc6d4cf1acbac5c025acf8ed68929caa551df3
[INFO] running `Command { std: "/workspace/cargo-home/bin/cargo" "+cfbc6d4cf1acbac5c025acf8ed68929caa551df3" "read-manifest" "--manifest-path" "Cargo.toml", kill_on_drop: false }`
[INFO] removed /workspace/builds/worker-5/source/.cargo/config
[INFO] started tweaking git repo https://github.com/aschey/NAMP
[INFO] finished tweaking git repo https://github.com/aschey/NAMP
[INFO] tweaked toml for git repo https://github.com/aschey/NAMP written to /workspace/builds/worker-5/source/Cargo.toml
[INFO] crate git repo https://github.com/aschey/NAMP already has a lockfile, it will not be regenerated
[INFO] running `Command { std: "/workspace/cargo-home/bin/cargo" "+cfbc6d4cf1acbac5c025acf8ed68929caa551df3" "fetch" "--locked" "--manifest-path" "Cargo.toml", kill_on_drop: false }`
[INFO] [stderr]     Updating git repository `https://github.com/aschey/seiri`
[INFO] [stderr]     Updating git submodule `https://github.com/chyyran/notify`
[INFO] [stderr]     Updating git repository `https://github.com/wafflespeanut/paperclip`
[INFO] [stderr]     Blocking waiting for file lock on package cache
[INFO] [stderr]  Downloading crates ...
[INFO] [stderr]   Downloaded ipnetwork v0.16.0
[INFO] [stderr]   Downloaded futures-lite v0.1.10
[INFO] [stderr]   Downloaded event-listener v2.3.0
[INFO] [stderr]   Downloaded blocking v0.4.7
[INFO] [stderr]   Downloaded pnet_base v0.26.0
[INFO] [stderr]   Downloaded pnet_sys v0.26.0
[INFO] [stderr]   Downloaded actix-files v0.2.2
[INFO] [stderr]   Downloaded rgb v0.8.20
[INFO] [stderr]   Downloaded concurrent-queue v1.2.0
[INFO] [stderr]   Downloaded sysinfo v0.13.4
[INFO] [stderr]   Downloaded color-thief v0.2.1
[INFO] [stderr]   Downloaded semver v0.10.0
[INFO] [stderr]   Downloaded imagesize v0.5.2
[INFO] [stderr]   Downloaded subprocess v0.2.4
[INFO] [stderr]   Downloaded fstrings v0.2.3
[INFO] [stderr]   Downloaded fstrings-proc-macro v0.2.3
[INFO] [stderr]   Downloaded pnet_datalink v0.26.0
[INFO] [stderr]   Downloaded whoami v0.9.0
[INFO] running `Command { std: "docker" "create" "-v" "/var/lib/crater-agent-workspace/builds/worker-5/target:/opt/rustwide/target:rw,Z" "-v" "/var/lib/crater-agent-workspace/builds/worker-5/source:/opt/rustwide/workdir:ro,Z" "-v" "/var/lib/crater-agent-workspace/cargo-home:/opt/rustwide/cargo-home:ro,Z" "-v" "/var/lib/crater-agent-workspace/rustup-home:/opt/rustwide/rustup-home:ro,Z" "-e" "SOURCE_DIR=/opt/rustwide/workdir" "-e" "CARGO_TARGET_DIR=/opt/rustwide/target" "-e" "CARGO_HOME=/opt/rustwide/cargo-home" "-e" "RUSTUP_HOME=/opt/rustwide/rustup-home" "-w" "/opt/rustwide/workdir" "-m" "1610612736" "--user" "0:0" "--network" "none" "rustops/crates-build-env@sha256:a636fd89d022f18117e1dc8fb37a0a009933cdbbe082814857f0e2024962d47c" "/opt/rustwide/cargo-home/bin/cargo" "+cfbc6d4cf1acbac5c025acf8ed68929caa551df3" "metadata" "--no-deps" "--format-version=1", kill_on_drop: false }`
[INFO] [stdout] 60ad1d3036219b44f2d0303b2f17d6a550ba9cee71469b8433edbea878060d62
[INFO] [stderr] WARNING: Your kernel does not support swap limit capabilities or the cgroup is not mounted. Memory limited without swap.
[INFO] running `Command { std: "docker" "start" "-a" "60ad1d3036219b44f2d0303b2f17d6a550ba9cee71469b8433edbea878060d62", kill_on_drop: false }`
[INFO] running `Command { std: "docker" "inspect" "60ad1d3036219b44f2d0303b2f17d6a550ba9cee71469b8433edbea878060d62", kill_on_drop: false }`
[INFO] running `Command { std: "docker" "rm" "-f" "60ad1d3036219b44f2d0303b2f17d6a550ba9cee71469b8433edbea878060d62", kill_on_drop: false }`
[INFO] [stdout] 60ad1d3036219b44f2d0303b2f17d6a550ba9cee71469b8433edbea878060d62
[INFO] running `Command { std: "docker" "create" "-v" "/var/lib/crater-agent-workspace/builds/worker-5/target:/opt/rustwide/target:rw,Z" "-v" "/var/lib/crater-agent-workspace/builds/worker-5/source:/opt/rustwide/workdir:ro,Z" "-v" "/var/lib/crater-agent-workspace/cargo-home:/opt/rustwide/cargo-home:ro,Z" "-v" "/var/lib/crater-agent-workspace/rustup-home:/opt/rustwide/rustup-home:ro,Z" "-e" "SOURCE_DIR=/opt/rustwide/workdir" "-e" "CARGO_TARGET_DIR=/opt/rustwide/target" "-e" "CARGO_INCREMENTAL=0" "-e" "RUST_BACKTRACE=full" "-e" "RUSTFLAGS=--cap-lints=forbid" "-e" "CARGO_HOME=/opt/rustwide/cargo-home" "-e" "RUSTUP_HOME=/opt/rustwide/rustup-home" "-w" "/opt/rustwide/workdir" "-m" "1610612736" "--user" "0:0" "--network" "none" "rustops/crates-build-env@sha256:a636fd89d022f18117e1dc8fb37a0a009933cdbbe082814857f0e2024962d47c" "/opt/rustwide/cargo-home/bin/cargo" "+cfbc6d4cf1acbac5c025acf8ed68929caa551df3" "check" "--frozen" "--all" "--all-targets" "--message-format=json", kill_on_drop: false }`
[INFO] [stderr] WARNING: Your kernel does not support swap limit capabilities or the cgroup is not mounted. Memory limited without swap.
[INFO] [stdout] 6cb8075b9ddd2a6afaa04287eb0baff82160b803cee5c120f246f973dd1dd5c0
[INFO] running `Command { std: "docker" "start" "-a" "6cb8075b9ddd2a6afaa04287eb0baff82160b803cee5c120f246f973dd1dd5c0", kill_on_drop: false }`
[INFO] [stderr]    Compiling libc v0.2.74
[INFO] [stderr]    Compiling syn v1.0.37
[INFO] [stderr]     Checking cfg-if v0.1.10
[INFO] [stderr]    Compiling autocfg v1.0.0
[INFO] [stderr]     Checking lazy_static v1.4.0
[INFO] [stderr]    Compiling log v0.4.11
[INFO] [stderr]     Checking slab v0.4.2
[INFO] [stderr]    Compiling serde_derive v1.0.114
[INFO] [stderr]    Compiling proc-macro-hack v0.5.18
[INFO] [stderr]    Compiling pin-project-internal v0.4.23
[INFO] [stderr]     Checking once_cell v1.4.0
[INFO] [stderr]     Checking pin-project-lite v0.1.7
[INFO] [stderr]    Compiling bitflags v1.2.1
[INFO] [stderr]     Checking futures-io v0.3.5
[INFO] [stderr]    Compiling serde v1.0.114
[INFO] [stderr]     Checking bytes v0.5.6
[INFO] [stderr]     Checking arc-swap v0.4.7
[INFO] [stderr]    Compiling cc v1.0.58
[INFO] [stderr]     Checking either v1.5.3
[INFO] [stderr]     Checking matches v0.1.8
[INFO] [stderr]    Compiling byteorder v1.3.4
[INFO] [stderr]     Checking itoa v0.4.6
[INFO] [stderr]     Checking copyless v0.1.5
[INFO] [stderr]     Checking gimli v0.22.0
[INFO] [stderr]     Checking linked-hash-map v0.5.3
[INFO] [stderr]     Checking percent-encoding v2.1.0
[INFO] [stderr]     Checking object v0.20.0
[INFO] [stderr]     Checking rustc-demangle v0.1.16
[INFO] [stderr]     Checking match_cfg v0.1.0
[INFO] [stderr]    Compiling httparse v1.3.4
[INFO] [stderr]     Checking dtoa v0.4.6
[INFO] [stderr]    Compiling encoding_rs v0.8.23
[INFO] [stderr]     Checking mime v0.3.16
[INFO] [stderr]    Compiling glob v0.3.0
[INFO] [stderr]     Checking base64 v0.11.0
[INFO] [stderr]     Checking sha1 v0.6.0
[INFO] [stderr]    Compiling quick-error v1.2.3
[INFO] [stderr]    Compiling unicode-width v0.1.8
[INFO] [stderr]    Compiling regex-syntax v0.6.18
[INFO] [stderr]    Compiling ansi_term v0.11.0
[INFO] [stderr]    Compiling bindgen v0.53.3
[INFO] [stderr]    Compiling vec_map v0.8.2
[INFO] [stderr]    Compiling lazycell v1.2.1
[INFO] [stderr]     Checking cache-padded v1.1.1
[INFO] [stderr]    Compiling peeking_take_while v0.1.2
[INFO] [stderr]    Compiling fnv v1.0.7
[INFO] [stderr]     Checking parking v1.0.6
[INFO] [stderr]     Checking event-listener v2.3.0
[INFO] [stderr]     Checking fastrand v1.3.3
[INFO] [stderr]     Checking waker-fn v1.0.0
[INFO] [stderr]    Compiling strum v0.18.0
[INFO] [stderr]    Compiling v_htmlescape v0.4.5
[INFO] [stderr]     Checking bytemuck v1.3.1
[INFO] [stderr]     Checking atomic-waker v1.0.0
[INFO] [stderr]     Checking async-task v3.0.0
[INFO] [stderr]     Checking semver-parser v0.7.0
[INFO] [stderr]    Compiling sysinfo v0.13.4
[INFO] [stderr]    Compiling paperclip v0.4.1 (https://github.com/wafflespeanut/paperclip?rev=a81ed8f#a81ed8ff)
[INFO] [stderr]     Checking imagesize v0.5.2
[INFO] [stderr]     Checking pnet_base v0.26.0
[INFO] [stderr]    Compiling platune v0.1.0 (/opt/rustwide/workdir)
[INFO] [stderr]     Checking whoami v0.9.0
[INFO] [stderr]     Checking dotenv v0.15.0
[INFO] [stderr]    Compiling nom v5.1.2
[INFO] [stderr]    Compiling proc-macro-error-attr v1.0.4
[INFO] [stderr]    Compiling proc-macro-error v1.0.4
[INFO] [stderr]     Checking thread_local v1.0.1
[INFO] [stderr]     Checking tracing-core v0.1.12
[INFO] [stderr]     Checking futures-task v0.3.5
[INFO] [stderr]     Checking unicode-bidi v0.3.4
[INFO] [stderr]     Checking miniz_oxide v0.4.0
[INFO] [stderr]     Checking itertools v0.9.0
[INFO] [stderr]     Checking lru-cache v0.1.2
[INFO] [stderr]     Checking yaml-rust v0.4.4
[INFO] [stderr]     Checking http v0.2.1
[INFO] [stderr]     Checking bytestring v0.1.5
[INFO] [stderr]    Compiling num-traits v0.2.12
[INFO] [stderr]    Compiling num-integer v0.1.43
[INFO] [stderr]    Compiling hashbrown v0.8.1
[INFO] [stderr]    Compiling indexmap v1.5.0
[INFO] [stderr]    Compiling crossbeam-utils v0.7.2
[INFO] [stderr]    Compiling memoffset v0.5.5
[INFO] [stderr]    Compiling crossbeam-epoch v0.8.2
[INFO] [stderr]    Compiling rayon v1.3.1
[INFO] [stderr]    Compiling num-rational v0.3.0
[INFO] [stderr]    Compiling num-iter v0.1.41
[INFO] [stderr]    Compiling nom v4.2.3
[INFO] [stderr]    Compiling humantime v1.3.0
[INFO] [stderr]    Compiling textwrap v0.11.0
[INFO] [stderr]    Compiling cmake v0.1.44
[INFO] [stderr]     Checking concurrent-queue v1.2.0
[INFO] [stderr]     Checking miniz_oxide v0.3.7
[INFO] [stderr]    Compiling libsqlite3-sys v0.18.0
[INFO] [stderr]     Checking rgb v0.8.20
[INFO] [stderr]     Checking semver v0.10.0
[INFO] [stderr]    Compiling clang-sys v0.29.3
[INFO] [stderr]     Checking crc32fast v1.2.0
[INFO] [stderr]     Checking idna v0.2.0
[INFO] [stderr]     Checking idna v0.1.5
[INFO] [stderr]    Compiling brotli-sys v0.3.2
[INFO] [stderr]    Compiling libloading v0.5.2
[INFO] [stderr]     Checking aho-corasick v0.7.13
[INFO] [stderr]     Checking futures-lite v0.1.10
[INFO] [stderr]     Checking async-channel v1.4.0
[INFO] [stderr]     Checking color-thief v0.2.1
[INFO] [stderr]     Checking tracing v0.1.18
[INFO] [stderr]     Checking kv-log-macro v1.0.7
[INFO] [stderr]     Checking fxhash v0.2.1
[INFO] [stderr]     Checking deflate v0.8.6
[INFO] [stderr]     Checking tiff v0.5.0
[INFO] [stderr]     Checking url v2.1.1
[INFO] [stderr]     Checking url v1.7.2
[INFO] [stderr]     Checking net2 v0.2.34
[INFO] [stderr]     Checking iovec v0.1.4
[INFO] [stderr]     Checking num_cpus v1.13.0
[INFO] [stderr]     Checking signal-hook-registry v1.2.0
[INFO] [stderr]     Checking parking_lot_core v0.8.0
[INFO] [stderr]     Checking socket2 v0.3.12
[INFO] [stderr]     Checking getrandom v0.1.14
[INFO] [stderr]     Checking hostname v0.3.1
[INFO] [stderr]     Checking time v0.1.43
[INFO] [stderr]     Checking flate2 v1.0.16
[INFO] [stderr]     Checking dirs-sys v0.3.5
[INFO] [stderr]     Checking pnet_sys v0.26.0
[INFO] [stderr]     Checking subprocess v0.2.4
[INFO] [stderr]    Compiling atty v0.2.14
[INFO] [stderr]    Compiling which v3.1.1
[INFO] [stderr]     Checking addr2line v0.13.0
[INFO] [stderr]     Checking blocking v0.4.7
[INFO] [stderr]     Checking crossbeam-queue v0.2.3
[INFO] [stderr]    Compiling regex v1.3.9
[INFO] [stderr]     Checking png v0.16.7
[INFO] [stderr]     Checking mio v0.6.22
[INFO] [stderr]     Checking threadpool v1.8.1
[INFO] [stderr]     Checking rand_core v0.5.1
[INFO] [stderr]     Checking resolv-conf v0.6.3
[INFO] [stderr]     Checking num-traits v0.1.43
[INFO] [stderr]    Compiling clap v2.33.1
[INFO] [stderr]     Checking dirs v2.0.2
[INFO] [stderr]     Checking backtrace v0.3.50
[INFO] [stderr]     Checking crossbeam-deque v0.7.3
[INFO] [stderr]     Checking rand_chacha v0.2.2
[INFO] [stderr]     Checking mime_guess v2.0.3
[INFO] [stderr]    Compiling enum-primitive-derive v0.1.2
[INFO] [stderr]     Checking chrono v0.4.13
[INFO] [stderr]    Compiling cexpr v0.4.0
[INFO] [stderr]     Checking rayon-core v1.7.1
[INFO] [stderr]     Checking mio-uds v0.6.8
[INFO] [stderr]     Checking rand v0.7.3
[INFO] [stderr]     Checking tokio v0.2.22
[INFO] [stderr]    Compiling env_logger v0.7.1
[INFO] [stderr]     Checking brotli2 v0.3.2
[INFO] [stderr]     Checking jpeg-decoder v0.1.20
[INFO] [stderr]     Checking image v0.23.8
[INFO] [stderr]     Checking tokio-util v0.2.0
[INFO] [stderr]     Checking tokio-util v0.3.1
[INFO] [stderr]     Checking actix-codec v0.2.0
[INFO] [stderr]    Compiling synstructure v0.12.4
[INFO] [stderr]    Compiling futures-macro v0.3.5
[INFO] [stderr]    Compiling derive_more v0.99.9
[INFO] [stderr]    Compiling actix-macros v0.1.2
[INFO] [stderr]    Compiling failure_derive v0.1.8
[INFO] [stderr]    Compiling async-trait v0.1.36
[INFO] [stderr]    Compiling enum-as-inner v0.3.2
[INFO] [stderr]    Compiling actix-web-codegen v0.2.2
[INFO] [stderr]    Compiling strum_macros v0.18.0
[INFO] [stderr]    Compiling thiserror-impl v1.0.20
[INFO] [stderr]    Compiling v_escape_derive v0.5.6
[INFO] [stderr]    Compiling diesel_derives v1.4.1
[INFO] [stderr]    Compiling fstrings-proc-macro v0.2.3
[INFO] [stderr]    Compiling async-attributes v1.1.1
[INFO] [stderr]     Checking failure v0.1.8
[INFO] [stderr]     Checking v_escape v0.7.4
[INFO] [stderr]     Checking thiserror v1.0.20
[INFO] [stderr]     Checking fstrings v0.2.3
[INFO] [stderr]    Compiling paperclip-macros v0.3.1 (https://github.com/wafflespeanut/paperclip?rev=a81ed8f#a81ed8ff)
[INFO] [stderr]    Compiling libkatatsuki-sys v1.0.9 (https://github.com/aschey/seiri?rev=169b0b8#169b0b8b)
[INFO] [stderr]     Checking pin-project v0.4.23
[INFO] [stderr]     Checking futures-util v0.3.5
[INFO] [stderr]     Checking diesel v1.4.5
[INFO] [stderr] error: failed to run custom build command for `libkatatsuki-sys v1.0.9 (https://github.com/aschey/seiri?rev=169b0b8#169b0b8b)`
[INFO] [stderr] 
[INFO] [stderr] Caused by:
[INFO] [stderr]   process didn't exit successfully: `/opt/rustwide/target/debug/build/libkatatsuki-sys-7f6a73b49c79aa3d/build-script-build` (exit code: 101)
[INFO] [stderr]   --- stdout
[INFO] [stderr]   running: "cmake" "-Wdev" "--debug-output" "/opt/rustwide/cargo-home/git/checkouts/seiri-6898bc1f30cfb826/169b0b8/katatsuki/libkatatsuki-sys/libkatatsuki" "-DCMAKE_INSTALL_PREFIX=/opt/rustwide/target/debug/build/libkatatsuki-sys-f8ea4c44f9cb5a47/out" "-DCMAKE_C_FLAGS= -lstdc++ -ffunction-sections -fdata-sections -fPIC -m64" "-DCMAKE_C_COMPILER=/usr/bin/cc" "-DCMAKE_CXX_FLAGS= -std=c++1z -lstdc++ -ffunction-sections -fdata-sections -fPIC -m64" "-DCMAKE_CXX_COMPILER=/usr/bin/c++" "-DCMAKE_ASM_FLAGS= -ffunction-sections -fdata-sections -fPIC -m64" "-DCMAKE_ASM_COMPILER=/usr/bin/cc" "-DCMAKE_BUILD_TYPE=Release" "-DCMAKE_VERBOSE_MAKEFILE:BOOL=ON"
[INFO] [stderr]   Running with debug output on.
[INFO] [stderr]   -- The C compiler identification is GNU 9.3.0
[INFO] [stderr]      Called from: [3]	/usr/share/cmake-3.16/Modules/CMakeDetermineCompilerId.cmake
[INFO] [stderr]                   [2]	/usr/share/cmake-3.16/Modules/CMakeDetermineCCompiler.cmake
[INFO] [stderr]                   [1]	/opt/rustwide/cargo-home/git/checkouts/seiri-6898bc1f30cfb826/169b0b8/katatsuki/libkatatsuki-sys/libkatatsuki/CMakeLists.txt
[INFO] [stderr]   -- The CXX compiler identification is GNU 9.3.0
[INFO] [stderr]      Called from: [3]	/usr/share/cmake-3.16/Modules/CMakeDetermineCompilerId.cmake
[INFO] [stderr]                   [2]	/usr/share/cmake-3.16/Modules/CMakeDetermineCXXCompiler.cmake
[INFO] [stderr]                   [1]	/opt/rustwide/cargo-home/git/checkouts/seiri-6898bc1f30cfb826/169b0b8/katatsuki/libkatatsuki-sys/libkatatsuki/CMakeLists.txt
[INFO] [stderr]   -- Check for working C compiler: /usr/bin/cc
[INFO] [stderr]      Called from: [3]	/usr/share/cmake-3.16/Modules/CMakeTestCompilerCommon.cmake
[INFO] [stderr]                   [2]	/usr/share/cmake-3.16/Modules/CMakeTestCCompiler.cmake
[INFO] [stderr]                   [1]	/opt/rustwide/cargo-home/git/checkouts/seiri-6898bc1f30cfb826/169b0b8/katatsuki/libkatatsuki-sys/libkatatsuki/CMakeLists.txt
[INFO] [stderr]   -- Check for working C compiler: /usr/bin/cc -- works
[INFO] [stderr]      Called from: [3]	/usr/share/cmake-3.16/Modules/CMakeTestCompilerCommon.cmake
[INFO] [stderr]                   [2]	/usr/share/cmake-3.16/Modules/CMakeTestCCompiler.cmake
[INFO] [stderr]                   [1]	/opt/rustwide/cargo-home/git/checkouts/seiri-6898bc1f30cfb826/169b0b8/katatsuki/libkatatsuki-sys/libkatatsuki/CMakeLists.txt
[INFO] [stderr]   -- Detecting C compiler ABI info
[INFO] [stderr]      Called from: [3]	/usr/share/cmake-3.16/Modules/CMakeDetermineCompilerABI.cmake
[INFO] [stderr]                   [2]	/usr/share/cmake-3.16/Modules/CMakeTestCCompiler.cmake
[INFO] [stderr]                   [1]	/opt/rustwide/cargo-home/git/checkouts/seiri-6898bc1f30cfb826/169b0b8/katatsuki/libkatatsuki-sys/libkatatsuki/CMakeLists.txt
[INFO] [stderr]   -- Detecting C compiler ABI info - done
[INFO] [stderr]      Called from: [3]	/usr/share/cmake-3.16/Modules/CMakeDetermineCompilerABI.cmake
[INFO] [stderr]                   [2]	/usr/share/cmake-3.16/Modules/CMakeTestCCompiler.cmake
[INFO] [stderr]                   [1]	/opt/rustwide/cargo-home/git/checkouts/seiri-6898bc1f30cfb826/169b0b8/katatsuki/libkatatsuki-sys/libkatatsuki/CMakeLists.txt
[INFO] [stderr]   -- Detecting C compile features
[INFO] [stderr]      Called from: [3]	/usr/share/cmake-3.16/Modules/CMakeDetermineCompileFeatures.cmake
[INFO] [stderr]                   [2]	/usr/share/cmake-3.16/Modules/CMakeTestCCompiler.cmake
[INFO] [stderr]                   [1]	/opt/rustwide/cargo-home/git/checkouts/seiri-6898bc1f30cfb826/169b0b8/katatsuki/libkatatsuki-sys/libkatatsuki/CMakeLists.txt
[INFO] [stderr]   -- Detecting C compile features - done
[INFO] [stderr]      Called from: [3]	/usr/share/cmake-3.16/Modules/CMakeDetermineCompileFeatures.cmake
[INFO] [stderr]                   [2]	/usr/share/cmake-3.16/Modules/CMakeTestCCompiler.cmake
[INFO] [stderr]                   [1]	/opt/rustwide/cargo-home/git/checkouts/seiri-6898bc1f30cfb826/169b0b8/katatsuki/libkatatsuki-sys/libkatatsuki/CMakeLists.txt
[INFO] [stderr]   -- Check for working CXX compiler: /usr/bin/c++
[INFO] [stderr]      Called from: [3]	/usr/share/cmake-3.16/Modules/CMakeTestCompilerCommon.cmake
[INFO] [stderr]                   [2]	/usr/share/cmake-3.16/Modules/CMakeTestCXXCompiler.cmake
[INFO] [stderr]                   [1]	/opt/rustwide/cargo-home/git/checkouts/seiri-6898bc1f30cfb826/169b0b8/katatsuki/libkatatsuki-sys/libkatatsuki/CMakeLists.txt
[INFO] [stderr]   -- Check for working CXX compiler: /usr/bin/c++ -- works
[INFO] [stderr]      Called from: [3]	/usr/share/cmake-3.16/Modules/CMakeTestCompilerCommon.cmake
[INFO] [stderr]                   [2]	/usr/share/cmake-3.16/Modules/CMakeTestCXXCompiler.cmake
[INFO] [stderr]                   [1]	/opt/rustwide/cargo-home/git/checkouts/seiri-6898bc1f30cfb826/169b0b8/katatsuki/libkatatsuki-sys/libkatatsuki/CMakeLists.txt
[INFO] [stderr]   -- Detecting CXX compiler ABI info
[INFO] [stderr]      Called from: [3]	/usr/share/cmake-3.16/Modules/CMakeDetermineCompilerABI.cmake
[INFO] [stderr]                   [2]	/usr/share/cmake-3.16/Modules/CMakeTestCXXCompiler.cmake
[INFO] [stderr]                   [1]	/opt/rustwide/cargo-home/git/checkouts/seiri-6898bc1f30cfb826/169b0b8/katatsuki/libkatatsuki-sys/libkatatsuki/CMakeLists.txt
[INFO] [stderr]   -- Detecting CXX compiler ABI info - done
[INFO] [stderr]      Called from: [3]	/usr/share/cmake-3.16/Modules/CMakeDetermineCompilerABI.cmake
[INFO] [stderr]                   [2]	/usr/share/cmake-3.16/Modules/CMakeTestCXXCompiler.cmake
[INFO] [stderr]                   [1]	/opt/rustwide/cargo-home/git/checkouts/seiri-6898bc1f30cfb826/169b0b8/katatsuki/libkatatsuki-sys/libkatatsuki/CMakeLists.txt
[INFO] [stderr]   -- Detecting CXX compile features
[INFO] [stderr]      Called from: [3]	/usr/share/cmake-3.16/Modules/CMakeDetermineCompileFeatures.cmake
[INFO] [stderr]                   [2]	/usr/share/cmake-3.16/Modules/CMakeTestCXXCompiler.cmake
[INFO] [stderr]                   [1]	/opt/rustwide/cargo-home/git/checkouts/seiri-6898bc1f30cfb826/169b0b8/katatsuki/libkatatsuki-sys/libkatatsuki/CMakeLists.txt
[INFO] [stderr]   -- Detecting CXX compile features - done
[INFO] [stderr]      Called from: [3]	/usr/share/cmake-3.16/Modules/CMakeDetermineCompileFeatures.cmake
[INFO] [stderr]                   [2]	/usr/share/cmake-3.16/Modules/CMakeTestCXXCompiler.cmake
[INFO] [stderr]                   [1]	/opt/rustwide/cargo-home/git/checkouts/seiri-6898bc1f30cfb826/169b0b8/katatsuki/libkatatsuki-sys/libkatatsuki/CMakeLists.txt
[INFO] [stderr]   -- Configuring done
[INFO] [stderr]   -- Generating /opt/rustwide/target/debug/build/libkatatsuki-sys-f8ea4c44f9cb5a47/out/build
[INFO] [stderr]      Called from: [1]	/opt/rustwide/cargo-home/git/checkouts/seiri-6898bc1f30cfb826/169b0b8/katatsuki/libkatatsuki-sys/libkatatsuki/CMakeLists.txt
[INFO] [stderr]   -- Generating done
[INFO] [stderr]   -- Build files have been written to: /opt/rustwide/target/debug/build/libkatatsuki-sys-f8ea4c44f9cb5a47/out/build
[INFO] [stderr]   running: "cmake" "--build" "." "--target" "katatsuki" "--config" "Release" "--"
[INFO] [stderr]   /usr/bin/cmake -S/opt/rustwide/cargo-home/git/checkouts/seiri-6898bc1f30cfb826/169b0b8/katatsuki/libkatatsuki-sys/libkatatsuki -B/opt/rustwide/target/debug/build/libkatatsuki-sys-f8ea4c44f9cb5a47/out/build --check-build-system CMakeFiles/Makefile.cmake 0
[INFO] [stderr]   /usr/bin/make -f CMakeFiles/Makefile2 katatsuki
[INFO] [stderr]   make[1]: Entering directory '/opt/rustwide/target/debug/build/libkatatsuki-sys-f8ea4c44f9cb5a47/out/build'
[INFO] [stderr]   /usr/bin/cmake -S/opt/rustwide/cargo-home/git/checkouts/seiri-6898bc1f30cfb826/169b0b8/katatsuki/libkatatsuki-sys/libkatatsuki -B/opt/rustwide/target/debug/build/libkatatsuki-sys-f8ea4c44f9cb5a47/out/build --check-build-system CMakeFiles/Makefile.cmake 0
[INFO] [stderr]   /usr/bin/cmake -E cmake_progress_start /opt/rustwide/target/debug/build/libkatatsuki-sys-f8ea4c44f9cb5a47/out/build/CMakeFiles 12
[INFO] [stderr]   /usr/bin/make -f CMakeFiles/Makefile2 CMakeFiles/katatsuki.dir/all
[INFO] [stderr]   make[2]: Entering directory '/opt/rustwide/target/debug/build/libkatatsuki-sys-f8ea4c44f9cb5a47/out/build'
[INFO] [stderr]   /usr/bin/make -f CMakeFiles/taglib.dir/build.make CMakeFiles/taglib.dir/depend
[INFO] [stderr]   make[3]: Entering directory '/opt/rustwide/target/debug/build/libkatatsuki-sys-f8ea4c44f9cb5a47/out/build'
[INFO] [stderr]   cd /opt/rustwide/target/debug/build/libkatatsuki-sys-f8ea4c44f9cb5a47/out/build && /usr/bin/cmake -E cmake_depends "Unix Makefiles" /opt/rustwide/cargo-home/git/checkouts/seiri-6898bc1f30cfb826/169b0b8/katatsuki/libkatatsuki-sys/libkatatsuki /opt/rustwide/cargo-home/git/checkouts/seiri-6898bc1f30cfb826/169b0b8/katatsuki/libkatatsuki-sys/libkatatsuki /opt/rustwide/target/debug/build/libkatatsuki-sys-f8ea4c44f9cb5a47/out/build /opt/rustwide/target/debug/build/libkatatsuki-sys-f8ea4c44f9cb5a47/out/build /opt/rustwide/target/debug/build/libkatatsuki-sys-f8ea4c44f9cb5a47/out/build/CMakeFiles/taglib.dir/DependInfo.cmake --color=
[INFO] [stderr]   Dependee "/opt/rustwide/target/debug/build/libkatatsuki-sys-f8ea4c44f9cb5a47/out/build/CMakeFiles/taglib.dir/DependInfo.cmake" is newer than depender "/opt/rustwide/target/debug/build/libkatatsuki-sys-f8ea4c44f9cb5a47/out/build/CMakeFiles/taglib.dir/depend.internal".
[INFO] [stderr]   Dependee "/opt/rustwide/target/debug/build/libkatatsuki-sys-f8ea4c44f9cb5a47/out/build/CMakeFiles/CMakeDirectoryInformation.cmake" is newer than depender "/opt/rustwide/target/debug/build/libkatatsuki-sys-f8ea4c44f9cb5a47/out/build/CMakeFiles/taglib.dir/depend.internal".
[INFO] [stderr]   Scanning dependencies of target taglib
[INFO] [stderr]   make[3]: Leaving directory '/opt/rustwide/target/debug/build/libkatatsuki-sys-f8ea4c44f9cb5a47/out/build'
[INFO] [stderr]   /usr/bin/make -f CMakeFiles/taglib.dir/build.make CMakeFiles/taglib.dir/build
[INFO] [stderr]   make[3]: Entering directory '/opt/rustwide/target/debug/build/libkatatsuki-sys-f8ea4c44f9cb5a47/out/build'
[INFO] [stderr]   [  8%] Creating directories for 'taglib'
[INFO] [stderr]   /usr/bin/cmake -E make_directory /opt/rustwide/target/debug/build/libkatatsuki-sys-f8ea4c44f9cb5a47/out/build/taglib/src/taglib
[INFO] [stderr]   /usr/bin/cmake -E make_directory /opt/rustwide/target/debug/build/libkatatsuki-sys-f8ea4c44f9cb5a47/out/build/taglib/src/taglib-build
[INFO] [stderr]   /usr/bin/cmake -E make_directory /opt/rustwide/target/debug/build/libkatatsuki-sys-f8ea4c44f9cb5a47/out/build/taglib
[INFO] [stderr]   /usr/bin/cmake -E make_directory /opt/rustwide/target/debug/build/libkatatsuki-sys-f8ea4c44f9cb5a47/out/build/taglib/tmp
[INFO] [stderr]   /usr/bin/cmake -E make_directory /opt/rustwide/target/debug/build/libkatatsuki-sys-f8ea4c44f9cb5a47/out/build/taglib/src/taglib-stamp
[INFO] [stderr]   /usr/bin/cmake -E make_directory /opt/rustwide/target/debug/build/libkatatsuki-sys-f8ea4c44f9cb5a47/out/build/taglib/src
[INFO] [stderr]   /usr/bin/cmake -E make_directory /opt/rustwide/target/debug/build/libkatatsuki-sys-f8ea4c44f9cb5a47/out/build/taglib/src/taglib-stamp
[INFO] [stderr]   /usr/bin/cmake -E touch /opt/rustwide/target/debug/build/libkatatsuki-sys-f8ea4c44f9cb5a47/out/build/taglib/src/taglib-stamp/taglib-mkdir
[INFO] [stderr]   [ 16%] Performing download step (git clone) for 'taglib'
[INFO] [stderr]   cd /opt/rustwide/target/debug/build/libkatatsuki-sys-f8ea4c44f9cb5a47/out/build/taglib/src && /usr/bin/cmake -P /opt/rustwide/target/debug/build/libkatatsuki-sys-f8ea4c44f9cb5a47/out/build/taglib/tmp/taglib-gitclone.cmake
[INFO] [stderr]   -- Had to git clone more than once:
[INFO] [stderr]             3 times.
[INFO] [stderr]   make[3]: Leaving directory '/opt/rustwide/target/debug/build/libkatatsuki-sys-f8ea4c44f9cb5a47/out/build'
[INFO] [stderr]   make[2]: Leaving directory '/opt/rustwide/target/debug/build/libkatatsuki-sys-f8ea4c44f9cb5a47/out/build'
[INFO] [stderr]   make[1]: Leaving directory '/opt/rustwide/target/debug/build/libkatatsuki-sys-f8ea4c44f9cb5a47/out/build'
[INFO] [stderr] 
[INFO] [stderr]   --- stderr
[INFO] [stderr]   CMake Warning at /usr/share/cmake-3.16/Modules/ExternalProject.cmake:1754 (message):
[INFO] [stderr]     Line 'BUILD_SHARED_LIBS=OFF' does not match regex.  Ignoring.
[INFO] [stderr]   Call Stack (most recent call first):
[INFO] [stderr]     /usr/share/cmake-3.16/Modules/ExternalProject.cmake:2939 (_ep_command_line_to_initial_cache)
[INFO] [stderr]     /usr/share/cmake-3.16/Modules/ExternalProject.cmake:2972 (_ep_extract_configure_command)
[INFO] [stderr]     /usr/share/cmake-3.16/Modules/ExternalProject.cmake:3239 (_ep_add_configure_command)
[INFO] [stderr]     CMakeLists.txt:37 (ExternalProject_Add)
[INFO] [stderr] 
[INFO] [stderr] 
[INFO] [stderr]      Called from: [5]	/usr/share/cmake-3.16/Modules/ExternalProject.cmake
[INFO] [stderr]                   [4]	/usr/share/cmake-3.16/Modules/ExternalProject.cmake
[INFO] [stderr]                   [3]	/usr/share/cmake-3.16/Modules/ExternalProject.cmake
[INFO] [stderr]                   [2]	/usr/share/cmake-3.16/Modules/ExternalProject.cmake
[INFO] [stderr]                   [1]	/opt/rustwide/cargo-home/git/checkouts/seiri-6898bc1f30cfb826/169b0b8/katatsuki/libkatatsuki-sys/libkatatsuki/CMakeLists.txt
[INFO] [stderr]   CMake Warning:
[INFO] [stderr]     Manually-specified variables were not used by the project:
[INFO] [stderr] 
[INFO] [stderr]       CMAKE_ASM_COMPILER
[INFO] [stderr]       CMAKE_ASM_FLAGS
[INFO] [stderr] 
[INFO] [stderr] 
[INFO] [stderr]   Cloning into 'taglib'...
[INFO] [stderr]   fatal: unable to access 'https://github.com/taglib/taglib/': Could not resolve host: github.com
[INFO] [stderr]   Cloning into 'taglib'...
[INFO] [stderr]   fatal: unable to access 'https://github.com/taglib/taglib/': Could not resolve host: github.com
[INFO] [stderr]   Cloning into 'taglib'...
[INFO] [stderr]   fatal: unable to access 'https://github.com/taglib/taglib/': Could not resolve host: github.com
[INFO] [stderr]   CMake Error at /opt/rustwide/target/debug/build/libkatatsuki-sys-f8ea4c44f9cb5a47/out/build/taglib/tmp/taglib-gitclone.cmake:31 (message):
[INFO] [stderr]     Failed to clone repository: 'https://github.com/taglib/taglib'
[INFO] [stderr] 
[INFO] [stderr] 
[INFO] [stderr]   make[3]: *** [CMakeFiles/taglib.dir/build.make:92: taglib/src/taglib-stamp/taglib-download] Error 1
[INFO] [stderr]   make[2]: *** [CMakeFiles/Makefile2:105: CMakeFiles/taglib.dir/all] Error 2
[INFO] [stderr]   make[1]: *** [CMakeFiles/Makefile2:85: CMakeFiles/katatsuki.dir/rule] Error 2
[INFO] [stderr]   make: *** [Makefile:118: katatsuki] Error 2
[INFO] [stderr]   thread 'main' panicked at '
[INFO] [stderr]   command did not execute successfully, got: exit code: 2
[INFO] [stderr] 
[INFO] [stderr]   build script failed, must exit now', /opt/rustwide/cargo-home/registry/src/github.com-1ecc6299db9ec823/cmake-0.1.44/src/lib.rs:885:5
[INFO] [stderr]   stack backtrace:
[INFO] [stderr]      0:     0x55e34d544ad5 - backtrace::backtrace::libunwind::trace::h5e2646fa3eddf2ea
[INFO] [stderr]                                  at /cargo/registry/src/github.com-1ecc6299db9ec823/backtrace-0.3.46/src/backtrace/libunwind.rs:86
[INFO] [stderr]      1:     0x55e34d544ad5 - backtrace::backtrace::trace_unsynchronized::hb95dd7f77ce47877
[INFO] [stderr]                                  at /cargo/registry/src/github.com-1ecc6299db9ec823/backtrace-0.3.46/src/backtrace/mod.rs:66
[INFO] [stderr]      2:     0x55e34d544ad5 - std::sys_common::backtrace::_print_fmt::h5e71b67af43fd70d
[INFO] [stderr]                                  at src/libstd/sys_common/backtrace.rs:78
[INFO] [stderr]      3:     0x55e34d544ad5 - <std::sys_common::backtrace::_print::DisplayBacktrace as core::fmt::Display>::fmt::hdb4a83d2b61107e5
[INFO] [stderr]                                  at src/libstd/sys_common/backtrace.rs:59
[INFO] [stderr]      4:     0x55e34d568cdc - core::fmt::write::ha20e7262fa3e8a7a
[INFO] [stderr]                                  at src/libcore/fmt/mod.rs:1076
[INFO] [stderr]      5:     0x55e34d541172 - std::io::Write::write_fmt::h1aebfe8a5a79e36d
[INFO] [stderr]                                  at src/libstd/io/mod.rs:1537
[INFO] [stderr]      6:     0x55e34d547600 - std::sys_common::backtrace::_print::h9c07314cc66ba539
[INFO] [stderr]                                  at src/libstd/sys_common/backtrace.rs:62
[INFO] [stderr]      7:     0x55e34d547600 - std::sys_common::backtrace::print::hd1fd65f49a2d8544
[INFO] [stderr]                                  at src/libstd/sys_common/backtrace.rs:49
[INFO] [stderr]      8:     0x55e34d547600 - std::panicking::default_hook::{{closure}}::h222da46485ab36fc
[INFO] [stderr]                                  at src/libstd/panicking.rs:198
[INFO] [stderr]      9:     0x55e34d54734c - std::panicking::default_hook::hc5868949d129ed00
[INFO] [stderr]                                  at src/libstd/panicking.rs:217
[INFO] [stderr]     10:     0x55e34d547c43 - std::panicking::rust_panic_with_hook::h26a6ab8b0993c0c8
[INFO] [stderr]                                  at src/libstd/panicking.rs:526
[INFO] [stderr]     11:     0x55e34d54783b - rust_begin_unwind
[INFO] [stderr]                                  at src/libstd/panicking.rs:437
[INFO] [stderr]     12:     0x55e34d5477ab - std::panicking::begin_panic_fmt::h2ff295231415d4a6
[INFO] [stderr]                                  at src/libstd/panicking.rs:391
[INFO] [stderr]     13:     0x55e34d4e3047 - cmake::fail::he26c5ade8c98772d
[INFO] [stderr]                                  at /opt/rustwide/cargo-home/registry/src/github.com-1ecc6299db9ec823/cmake-0.1.44/src/lib.rs:885
[INFO] [stderr]     14:     0x55e34d4e298e - cmake::run::h2ce3fd99820d3769
[INFO] [stderr]                                  at /opt/rustwide/cargo-home/registry/src/github.com-1ecc6299db9ec823/cmake-0.1.44/src/lib.rs:863
[INFO] [stderr]     15:     0x55e34d4df0b0 - cmake::Config::build::h901b9a0d0f14f6ba
[INFO] [stderr]                                  at /opt/rustwide/cargo-home/registry/src/github.com-1ecc6299db9ec823/cmake-0.1.44/src/lib.rs:769
[INFO] [stderr]     16:     0x55e34d4d80f3 - build_script_build::main::hef1189da9843fde8
[INFO] [stderr]                                  at /opt/rustwide/cargo-home/git/checkouts/seiri-6898bc1f30cfb826/169b0b8/katatsuki/libkatatsuki-sys/build.rs:21
[INFO] [stderr]     17:     0x55e34d4d7e5b - std::rt::lang_start::{{closure}}::h173f434a89de9c1e
[INFO] [stderr]                                  at /rustc/cfbc6d4cf1acbac5c025acf8ed68929caa551df3/src/libstd/rt.rs:67
[INFO] [stderr]     18:     0x55e34d548013 - std::rt::lang_start_internal::{{closure}}::h84a998219831fa70
[INFO] [stderr]                                  at src/libstd/rt.rs:52
[INFO] [stderr]     19:     0x55e34d548013 - std::panicking::try::do_call::he8e1d689a3e26def
[INFO] [stderr]                                  at src/libstd/panicking.rs:348
[INFO] [stderr]     20:     0x55e34d548013 - std::panicking::try::h264b6eebc2fa7bbf
[INFO] [stderr]                                  at src/libstd/panicking.rs:325
[INFO] [stderr]     21:     0x55e34d548013 - std::panic::catch_unwind::hbf28fafa723b2128
[INFO] [stderr]                                  at src/libstd/panic.rs:394
[INFO] [stderr]     22:     0x55e34d548013 - std::rt::lang_start_internal::he959aa59bc3ec202
[INFO] [stderr]                                  at src/libstd/rt.rs:51
[INFO] [stderr]     23:     0x55e34d4d7e37 - std::rt::lang_start::hf3ac1bc1d2113944
[INFO] [stderr]                                  at /rustc/cfbc6d4cf1acbac5c025acf8ed68929caa551df3/src/libstd/rt.rs:67
[INFO] [stderr]     24:     0x55e34d4d8a1a - main
[INFO] [stderr]     25:     0x7ff2245110b3 - __libc_start_main
[INFO] [stderr]     26:     0x55e34d4d719e - _start
[INFO] [stderr]     27:                0x0 - <unknown>
[INFO] [stderr] warning: build failed, waiting for other jobs to finish...
[INFO] [stderr] error: build failed
[INFO] running `Command { std: "docker" "inspect" "6cb8075b9ddd2a6afaa04287eb0baff82160b803cee5c120f246f973dd1dd5c0", kill_on_drop: false }`
[INFO] running `Command { std: "docker" "rm" "-f" "6cb8075b9ddd2a6afaa04287eb0baff82160b803cee5c120f246f973dd1dd5c0", kill_on_drop: false }`
[INFO] [stdout] 6cb8075b9ddd2a6afaa04287eb0baff82160b803cee5c120f246f973dd1dd5c0
